are the prime factors of (r/(-10))/(18/1140)?
5, 19
Let x(a) = a**3 - 12*a**2 - 9*a - 11. Let q be x(13). Let y = -26 - -43. Let p = q - y. List the prime factors of p.
2, 3
Suppose 77 = -4*v - 3. Let t = v - -28. List the prime factors of t/4 + -2 - -277.
277
Suppose -1848 = -3*r + 2214. Suppose -11*b + 8636 = r. Let o = -468 + b. What are the prime factors of o?
2, 97
What are the prime factors of (2 + 6042 - -2)/(-3 + (-7)/(-2))?
2, 3023
Let m = -15865 + 16844. What are the prime factors of m?
11, 89
Suppose -5*o + 166006 = 2*w, -128*o - 2*w - 33194 = -129*o. What are the prime factors of o?
2, 5, 83
Let v = 14771 + -8399. What are the prime factors of v?
2, 3, 59
Suppose 89267 = -168*v + 185*v. List the prime factors of v.
59, 89
Let n(w) = -4*w**2 - 16*w - 11. Let h(g) = 9*g**2 + 30*g + 21. Let p(y) = 2*h(y) + 5*n(y). List the prime factors of p(-8).
19
Let h = 36 + -45. Let f(w) = -w**2 - 9*w - 3. Let l be f(h). List the prime factors of (l/(-4))/(1/136).
2, 3, 17
Let a be (3 + (-60)/24)/((-2)/(-7028)). Let g = a - 1155. What are the prime factors of g?
2, 7, 43
Suppose 4*v = -20 + 32. Suppose -3*d + 5*s = -59 - 101, -3*s = v*d - 168. Suppose -3*h - 135 = -4*u, -u + 5*h + d + 0 = 0. List the prime factors of u.
2, 3, 5
List the prime factors of ((-306)/102)/(0 - -1) + 45468/2.
3, 7577
Let k = -550 - -563. Suppose 3*s = 0, -k*s + 16*s = 4*i - 5332. List the prime factors of i.
31, 43
Suppose -68168 = -2*x - 2*t, 2*x - 4*t + 23464 - 91680 = 0. List the prime factors of x.
2, 3, 947
Let w be 5*-2*3/6*-1. Suppose 4*n = c - 98, -5*n - 205 = -w*c + 315. Suppose -4*u + 198 = -c. What are the prime factors of u?
2, 19
Let s(o) = o**3 - 42*o**2 + 74*o - 76. List the prime factors of s(47).
14447
Let m(g) be the first derivative of -2/3*g**3 + 10 - 11*g + 31/2*g**2. List the prime factors of m(13).
2, 3
Let d be (6/4)/(4/24). Suppose -13*l = -d*l - 12. Suppose -l*k = 7*k - 1230. What are the prime factors of k?
3, 41
Suppose 22 = -11*f - 44. Let m be f + 7 - (2 + -5). Suppose -4*b = -m, -5*v + 3*b = b - 63. What are the prime factors of v?
13
Let m(h) = 42*h + 44. Let x(t) = -168*t - 177. Let f(l) = -21*m(l) - 5*x(l). List the prime factors of f(-15).
3, 197
Let x = -129 + 144. Suppose -2147 - 643 = -x*c. What are the prime factors of c?
2, 3, 31
Let w(l) = 6*l**2 + 202*l - 6624. What are the prime factors of w(91)?
2, 15361
Let m(f) = 36*f - 23. Let k be m(7). Suppose -l = -n - k, -5*n - 16 = -n. What are the prime factors of l?
3, 5
Suppose -176*q + 100*q = -90*q + 352114. What are the prime factors of q?
7, 3593
Let h(g) = 2 - 12 - 6 + 5*g + g**2 + 7*g. List the prime factors of h(-17).
3, 23
Let g(w) = -w**3 + 15*w**2 + 16*w - 17. Let u be g(16). What are the prime factors of ((1955/(-15))/u)/((-1)/(-6))?
2, 23
Suppose -28*y + 105 = -7*y. Suppose y*f + x = 2341, f - x = x + 466. List the prime factors of f.
2, 3, 13
Let w(k) = 379*k - 6. Let d be 2/(-3)*(-8)/((-256)/(-48)). What are the prime factors of w(d)?
373
Let a(d) = d**3 - 9*d**2 - 18*d + 18. Suppose -16*p + 60 = -11*p. Let i be a(p). Suppose -6*m - 3*m = -i. List the prime factors of m.
2, 13
Let k = 57 - 67. Let n be (88/20)/(-1*4/k). Let t = 33 + n. List the prime factors of t.
2, 11
Suppose -80*u + 36*u = -36*u. Suppose 2*s - 418 - 696 = u. What are the prime factors of s?
557
Let r(p) = -385*p - 2589. List the prime factors of r(-8).
491
Suppose 172*y = 33*y + 3671407. List the prime factors of y.
61, 433
Let l be (-1)/(-2) + 0 + (-100)/(-8). Suppose 2*x - 3*z = 40, 4*z = -l - 3. Suppose -2*p = -0*p - x. List the prime factors of p.
7
Let i be (10/2 + 7)/(0 + 2). Suppose -8*x - 5*l = -i*x - 2879, 0 = 3*x - 5*l - 4381. List the prime factors of x.
2, 3, 11
Let q = 581 - 535. Suppose q*x - 4670 = 41*x. What are the prime factors of x?
2, 467
Let f(s) = 396*s**2 + 25*s + 583. What are the prime factors of f(-9)?
2, 16217
Let n = -82 + 74. Let h be 1 - (n/(-2) + -7) - 31. Let r = h - -40. What are the prime factors of r?
13
Suppose 215670 = 2149*l - 2114*l. What are the prime factors of l?
2, 3, 13, 79
Let h(d) = -1072*d - 12. Let s be h(-5). Suppose 0 = -10*a + 3*a + s. List the prime factors of a.
2, 191
Let g be 885/(-6)*7288/(-20) - 3. List the prime factors of 3/(42/(-16))*g/(-44).
2, 349
Let q be (-2 + 4)/((-4)/(-116)). Suppose -2*n + 4*n + q = 0. Let k = n + 48. List the prime factors of k.
19
Let p = -20186 - -29650. List the prime factors of p.
2, 7, 13
Let m be -6 - -6 - ((-6)/2 - 1). Let f be (m + 0)*6/12. Suppose -f*w - 1 = 3, -5*w = -3*l + 343. List the prime factors of l.
3, 37
Suppose 3*y = 7*s - 2*s - 66233, -4*s - y + 52983 = 0. What are the prime factors of s?
2, 37, 179
Let s(g) = -g**3 - 8 - 16 + 6*g**2 + 8 + g - 9. Let z be s(5). Suppose -4*x = -z*b + 2*b + 358, 2*b - 248 = -2*x. What are the prime factors of b?
2, 61
Let b = -88 - -148. Suppose 8*r - b = 6*r. Let x = -9 + r. List the prime factors of x.
3, 7
Let p be (12/(-15))/((-2)/40). Let q be (p + 0)*15/2. List the prime factors of -3 - 1/((-5)/q).
3, 7
Let d = -10 + 5. Let o be (4 + 3 - -4) + d. Suppose -138 = -o*l + 360. List the prime factors of l.
83
Let l = -41 + 139. Let t = -88 + l. Suppose t*y - 327 = 723. What are the prime factors of y?
3, 5, 7
Suppose 0 = -4*j + 9 - 29. Let q be ((-1)/j)/((-10)/(-250)). Suppose -2*d - 159 = -q*d. What are the prime factors of d?
53
Suppose 0 = f + 294 + 76. Suppose -2*u - 490 = -0*u. Let w = u - f. List the prime factors of w.
5
Suppose s + 5 = -3*k, 0*s = s - 2*k. What are the prime factors of -4*(6 + s)/((-2)/8)?
2
Let z(x) = 7*x**2 + 9*x + 117. Let s = -740 + 733. List the prime factors of z(s).
397
Let w(y) = 7*y**2 - 2*y. Let n be w(1). Suppose n*q - 2*q = 306. Suppose q = 4*j - 146. What are the prime factors of j?
2, 31
Let b(g) = 2 - 198*g + 169*g + 48*g. Let s be (-32)/(-3) + 2/6. List the prime factors of b(s).
211
What are the prime factors of (16/72 - (-119)/(-252))*-23372?
5843
Suppose -n - 3*t + 970 = 111, -4295 = -5*n - 5*t. What are the prime factors of n?
859
What are the prime factors of (-23928)/(-8) + (-6)/(-4) + (-63)/(-14)?
3, 37
Suppose -2*l = 4, 5*z - 2*l - 7 - 22 = 0. Suppose z*v - 1617 = 133. What are the prime factors of v?
2, 5, 7
Let q be ((-21)/(-9) + -1)*(-9 + 0). Let h be (q/14)/((3/(-14))/1). Suppose -856 = -h*x - 4*x. What are the prime factors of x?
107
Let n = -463 + 441. Let r(k) = -k**2 + 17*k + 2*k**2 + k**3 + 20 + 22*k**2. List the prime factors of r(n).
2, 5, 13
Suppose -3*k = -3*d + 26472, 14*d + k + 26482 = 17*d. What are the prime factors of d?
3, 109
Suppose 0 = 19*d - 18*d - 111. Let q(o) = 12*o**2 + o**3 - 12*o + d - 111. What are the prime factors of q(-12)?
2, 3
Suppose -2455 - 15170 = -15*z. Suppose 16*x + z = 16919. List the prime factors of x.
2, 3, 41
List the prime factors of 12 - -1 - (-912663)/69.
2, 5, 331
Let p(a) = a**2 - 2*a + 6. Suppose -y + 3*g + 21 = 0, -2*g + 3 = 13. Let h be p(y). Suppose h*s - 690 = 25*s. What are the prime factors of s?
2, 3, 23
Let j(f) = 11*f - 2. Let h be j(1). Suppose -33 - 459 = -2*i - 2*u, 3*i - 758 = u. Suppose -h*l + 244 = -i. List the prime factors of l.
5, 11
Let m(n) = -2*n**2 + 40*n - 43. Let a be m(24). Let d = a + 1871. List the prime factors of d.
2, 409
Let f = -6148 + 12992. What are the prime factors of f?
2, 29, 59
Let j = 15288 - -91. List the prime factors of j.
7, 13
Suppose -3*s = -2*j - 4*s - 30, -j + s = 18. Let g be j/(-8) + -1*(-2 - -2). Suppose 0 = -10*l + 11*l - g. What are the prime factors of l?
2
Suppose -175799 = -y - y - 11*y. What are the prime factors of y?
13523
Let d = 44176 - 5687. List the prime factors of d.
11, 3499
Let z = 101 + -114. Let v(m) = 9 - m**2 + 9 + 26*m + 3*m**2. List the prime factors of v(z).
2, 3
Let h(p) be the third derivative of 0*p + 0 + 16*p**2 + 1/120*p**6 + 13/60*p**5 - 1/4*p**4 - 5/2*p**3. What are the prime factors of h(-13)?
3, 7
Let r(t) = 410*t**2 - 300*t + 48. List the prime factors of r(9).
2, 3, 11, 463
List the prime factors of ((-61206)/4)/((-1611)/4296).
2, 101
Suppose 5*w + 4*x + x = 263505, 5*x - 210800 = -4*w. List the prime factors of w.
5, 83, 127
Let a be (1/(-7))/((-16)/224). Suppose -s - a*p = -99, 3*s - 297 = 4*p - 5*p. List the prime factors of s.
3, 11
Suppose -370*b + 30 = -367*b. What are 